147 is divided by 2640.
2587
Calculate the remainder when 13023846 is divided by 2665.
2656
What is the remainder when 28216375 is divided by 35?
5
Calculate the remainder when 315338 is divided by 897.
491
What is the remainder when 1486595 is divided by 495518?
41
What is the remainder when 813478 is divided by 1151?
872
What is the remainder when 1774568 is divided by 49?
33
Calculate the remainder when 42092956 is divided by 1844.
1812
Calculate the remainder when 207742 is divided by 9031.
29
Calculate the remainder when 27441856 is divided by 10274.
2
What is the remainder when 4598 is divided by 1147?
10
Calculate the remainder when 90829745 is divided by 24.
17
Calculate the remainder when 432865 is divided by 215372.
2121
Calculate the remainder when 70246 is divided by 600.
46
What is the remainder when 58811 is divided by 19299?
914
What is the remainder when 9204041 is divided by 3?
2
Calculate the remainder when 9496 is divided by 2635.
1591
Calculate the remainder when 2413281 is divided by 12.
9
Calculate the remainder when 389561 is divided by 489.
317
What is the remainder when 3118896 is divided by 6539?
6332
Calculate the remainder when 323718997 is divided by 77967.
13
Calculate the remainder when 255849 is divided by 3048.
2865
What is the remainder when 43285 is divided by 26?
21
What is the remainder when 17335656 is divided by 614?
594
Calculate the remainder when 1474436 is divided by 1474415.
21
Calculate the remainder when 2567086 is divided by 3753.
34
What is the remainder when 1829751165 is divided by 28?
25
Calculate the remainder when 1711373 is divided by 658.
573
Calculate the remainder when 6548341 is divided by 623.
611
What is the remainder when 20563357 is divided by 6854451?
4
What is the remainder when 39737 is divided by 7947?
2
What is the remainder when 46968 is divided by 5139?
717
What is the remainder when 1188384 is divided by 375?
9
What is the remainder when 182738 is divided by 58?
38
What is the remainder when 9439864 is divided by 200848?
8
Calculate the remainder when 716364 is divided by 6335.
509
Calculate the remainder when 161845967 is divided by 992920.
7
Calculate the remainder when 4194208 is divided by 50.
8
Calculate the remainder when 116245011 is divided by 19.
9
Calculate the remainder when 207586543 is divided by 2596.
2595
What is the remainder when 1204 is divided by 405?
394
Calculate the remainder when 19089034 is divided by 35.
34
What is the remainder when 37186766 is divided by 3478?
3468
Calculate the remainder when 900401 is divided by 1745.
1726
What is the remainder when 4252717 is divided by 55230?
7
Calculate the remainder when 44915227 is divided by 712940.
7
What is the remainder when 3898315 is divided by 12415?
5
Calculate the remainder when 627551 is divided by 4.
3
Calculate the remainder when 10590017 is divided by 28.
25
What is the remainder when 498507318 is divided by 13?
10
Calculate the remainder when 1801390 is divided by 5046.
5014
Calculate the remainder when 230954 is divided by 772.
126
Calculate the remainder when 8392672 is divided by 133217.
1
What is the remainder when 17535330 is divided by 403?
397
Calculate the remainder when 103396 is divided by 2754.
1498
Calculate the remainder when 15413 is divided by 2680.
2013
What is the remainder when 1246267 is divided by 381?
16
Calculate the remainder when 9310114 is divided by 23102.
8
What is the remainder when 41751569 is divided by 210?
209
What is the remainder when 15581310 is divided by 14?
10
Calculate the remainder when 96598766 is divided by 112.
110
Calculate the remainder when 40461173 is divided by 1037465.
38
What is the remainder when 26895 is divided by 26877?
18
What is the remainder when 447658 is divided by 55940?
138
Calculate the remainder when 22599526 is divided by 287.
285
Calculate the remainder when 26039 is divided by 68.
63
Calculate the remainder when 6074091 is divided by 409.
32
Calculate the remainder when 35624 is divided by 35527.
97
Calculate the remainder when 554390 is divided by 197.
32
What is the remainder when 3595859 is divided by 144?
35
What is the remainder when 1527808 is divided by 191?
190
Calculate the remainder when 63291 is divided by 15761.
247
Calculate the remainder when 45089737 is divided by 7514955.
7
Calculate the remainder when 12295474 is divided by 570.
4
What is the remainder when 270700 is divided by 45068?
292
Calculate the remainder when 372996 is divided by 372552.
444
What is the remainder when 22526033 is divided by 13?
10
Calculate the remainder when 25541338 is divided by 9.
4
What is the remainder when 750509 is divided by 250124?
137
Calculate the remainder when 27454 is divided by 5786.
4310
What is the remainder when 2245536 is divided by 546?
384
Calculate the remainder when 83355 is divided by 16623.
240
Calculate the remainder when 457890 is divided by 2626.
966
What is the remainder when 43065615 is divided by 418112?
79
Calculate the remainder when 1003515 is divided by 66.
51
Calculate the remainder when 1040636 is divided by 520314.
8
What is the remainder when 110010827 is divided by 544608?
11
Calculate the remainder when 28851097 is divided by 147.
142
Calculate the remainder when 80441 is divided by 45.
26
Calculate the remainder when 27439921 is divided by 762220.
1
Calculate the remainder when 505538508 is divided by 505538508.
0
What is the remainder when 193927 is divided by 187?
8
What is the remainder when 902303 is divided by 33416?
71
What is the remainder when 17300 is divided by 16783?
517
Calculate the remainder when 2956149 is divided by 2668.
5
What is the remainder when 4878033 is divided by 52?
17
Calculate the remainder when 80563040 is divided by 7.
5
What is the remainder when 10287 is divided by 7989?
2298
Calculate the remainder when 7079 is divided by 3398.
283
What is the remainder when 8322850 is divided by 38354?
32
Calculate the remainder when 433419 is divided by 13977.
132
Calculate the remainder when 6791533 is divided by 39.
34
What is the remainder when 6453766 is divided by 90896?
150
What is the remainder when 2657345 is divided by 265734?
5
Calculate the remainder when 691497 is divided by 135.
27
What is the remainder when 15940817 is divided by 2952?
17
Calculate the remainder when 1023018730 is divided by 4089.
4087
What is the remainder when 8362049 is divided by 401?
397
What is the remainder when 88334933 is divided by 241?
239
Calculate the remainder when 1917295 is divided by 9306.
259
What is the remainder when 252484 is divided by 12?
4
What is the remainder when 25617528 is divided by 35?
13
What is the remainder when 114020 is divided by 1236?
308
What is the remainder when 1216391 is divided by 598?
59
Calculate the remainder when 16905152 is divided by 65.
17
Calculate the remainder when 894203 is divided by 81289.
24
Calculate the remainder when 412104 is divided by 4106.
1504
Calculate the remainder when 7121017 is divided by 78.
7
What is the remainder when 507466 is divided by 2114?
106
What is the remainder when 16521483 is divided by 439?
157
What is the remainder when 63185 is divided by 130?
5
What is the remainder when 14352730 is divided by 76?
54
What is the remainder when 3069516 is divided by 2074?
2070
Calculate the remainder when 45338 is divided by 44129.
1209
What is the remainder when 277999 is divided by 164?
19
What is the remainder when 7990033 is divided by 65?
38
What is the remainder when 848660 is divided by 10420?
4640
Calculate the remainder when 74048608 is divided by 3952.
3936
What is the remainder when 157139135 is divided by 8?
7
Calculate the remainder when 7739572 is divided by 7492.
336
What is the remainder when 55886038 is divided by 3015?
3013
What is the remainder when 6325311 is divided by 131?
107
Calculate the remainder when 43380 is divided by 14008.
1356
What is the remainder when 1613717 is divided by 4691?
13
What is the remainder when 38812296 is divided by 1723?
1721
What is the remainder when 8698840 is divided by 425?
365
What is the remainder when 9840600 is divided by 26?
16
What is the remainder when 45585 is divided by 5561?
1097
What is the remainder when 9555227 is divided by 799?
785
What is the remainder w